alse
Does 9 divide 1835325?
True
Is 258405 a multiple of 483?
True
Is 168067 a multiple of 285?
False
Does 84 divide 17556?
True
Does 62 divide 56081?
False
Is 259009 a multiple of 41?
False
Is 20 a factor of 162180?
True
Is 16037 a multiple of 78?
False
Is 392551 a multiple of 7?
False
Is 45 a factor of 215415?
True
Is 34 a factor of 3398794?
False
Does 114 divide 30086525?
False
Is 12 a factor of 379350?
False
Does 8 divide 2907528?
True
Is 308642 a multiple of 246?
False
Is 631894 a multiple of 34?
False
Does 119 divide 2574058?
False
Is 2326381 a multiple of 668?
False
Does 49 divide 2075293?
False
Is 24 a factor of 15616?
False
Does 148 divide 337817?
False
Is 839 a multiple of 565?
False
Is 59 a factor of 1759734?
True
Is 5277279 a multiple of 82?
False
Is 1903728 a multiple of 24?
True
Does 4 divide 35032?
True
Is 132 a factor of 2051228?
False
Is 634 a factor of 422618?
False
Does 69 divide 123579?
True
Is 4926450 a multiple of 318?
False
Is 365130 a multiple of 15?
True
Is 11 a factor of 170621?
True
Is 2477 a factor of 1613966?
False
Is 860926 a multiple of 308?
False
Is 2587308 a multiple of 149?
False
Is 40009 a multiple of 50?
False
Is 43 a factor of 211001?
True
Does 3 divide 1631783?
False
Is 80249 a multiple of 134?
False
Is 12 a factor of 3490108?
False
Is 240564 a multiple of 140?
False
Is 342 a factor of 837446?
False
Is 310267 a multiple of 7?
False
Is 99098 a multiple of 258?
False
Is 21 a factor of 4975908?
True
Does 121 divide 181016?
True
Does 170 divide 4417960?
True
Does 92 divide 2679095?
False
Does 20 divide 42774?
False
Is 329 a factor of 132941?
False
Is 18 a factor of 45018?
True
Is 763945 a multiple of 30?
False
Is 255 a factor of 5782584?
False
Is 523854 a multiple of 143?
False
Is 1252714 a multiple of 12?
False
Is 13 a factor of 129051?
True
Is 616290 a multiple of 514?
False
Is 14655 a multiple of 144?
False
Is 39 a factor of 735957?
False
Does 288 divide 15470416?
False
Is 56 a factor of 94802?
False
Is 217801 a multiple of 25?
False
Does 18 divide 119464?
False
Is 50 a factor of 68900?
True
Is 225 a factor of 153450?
True
Is 19810 a multiple of 7?
True
Is 104 a factor of 818363?
False
Is 4794036 a multiple of 12?
True
Is 27989 a multiple of 6?
False
Is 32212 a multiple of 209?
False
Does 19 divide 6946848?
False
Is 19850 a multiple of 25?
True
Is 6826536 a multiple of 1042?
False
Does 14 divide 8315258?
True
Is 11 a factor of 958582?
False
Is 50518 a multiple of 50?
False
Is 144 a factor of 103255?
False
Is 153656 a multiple of 75?
False
Is 268205 a multiple of 138?
False
Is 9787214 a multiple of 60?
False
Is 4568255 a multiple of 9?
False
Is 11584650 a multiple of 1122?
True
Does 40 divide 467040?
True
Is 151 a factor of 17063?
True
Is 51 a factor of 14386386?
True
Is 316 a factor of 1790140?
True
Is 1258752 a multiple of 33?
True
Is 94 a factor of 105564?
False
Is 1053150 a multiple of 85?
True
Is 70761 a multiple of 309?
True
Is 293505 a multiple of 11?
False
Is 259716 a multiple of 276?
True
Does 103 divide 8482668?
True
Is 83476 a multiple of 32?
False
Is 116269 a multiple of 444?
False
Is 478950 a multiple of 192?
False
Is 31 a factor of 1100779?
True
Is 66026 a multiple of 124?
False
Is 48 a factor of 2397087?
False
Is 63 a factor of 60921?
True
Is 225 a factor of 6487875?
True
Is 41 a factor of 617697?
False
Is 17 a factor of 389997?
True
Does 3 divide 11122?
False
Is 16 a factor of 343584?
True
Is 1304682 a multiple of 4?
False
Is 302559 even?
False
Is 2321251 a multiple of 51?
False
Does 20 divide 263274?
False
Is 647100 a multiple of 12?
True
Is 21 a factor of 364560?
True
Is 870366 a multiple of 53?
True
Is 2792248 a multiple of 151?
False
Does 322 divide 3178462?
True
Is 787380 a multiple of 10?
True
Does 20 divide 439880?
True
Is 123 a factor of 2925312?
False
Is 87 a factor of 861648?
True
Is 36 a factor of 383985?
False
Is 3 a factor of 116378?
False
Is 6 a factor of 37683?
False
Is 481599 a multiple of 4?
False
Is 367062 a multiple of 131?
True
Is 83178 a multiple of 31?
False
Is 211 a factor of 1077155?
True
Does 757 divide 2562089?
False
Is 14 a factor of 50061?
False
Is 75 a factor of 244224?
False
Is 135 a factor of 80865?
True
Is 1778808 a multiple of 715?
False
Is 528 a factor of 13315?
False
Is 557989 a multiple of 15?
False
Does 205 divide 526554?
False
Does 18 divide 111800?
False
Does 36 divide 3450960?
True
Is 451 a factor of 556461?
False
Is 84 a factor of 132552?
True
Does 151 divide 1480958?
False
Is 32 a factor of 44768?
True
Is 81 a factor of 22437?
True
Is 849 a factor of 623166?
True
Is 6386755 a multiple of 19?
True
Does 289 divide 2807048?
False
Is 2056 a factor of 12531817?
False
Is 266509 a multiple of 257?
True
Is 189 a factor of 166934?
False
Is 182 a factor of 802586?
False
Is 20 a factor of 2735961?
False
Is 22530 a multiple of 5?
True
Does 2 divide 52192?
True
Is 22414 a multiple of 22?
False
Does 532 divide 3145251?
False
Is 61540 a multiple of 10?
True
Does 43 divide 10965?
True
Is 242 a factor of 673486?
True
Is 5 a factor of 239360?
True
Does 98 divide 439663?
False
Is 16 a factor of 29424?
True
Is 569710 a multiple of 23?
True
Is 442 a factor of 9497254?
True
Is 1890537 a multiple of 59?
True
Does 57 divide 516573?
False
Is 23 a factor of 137400?
False
Is 2522483 a multiple of 141?
False
Is 367 a factor of 9508603?
True
Is 22 a factor of 156486?
True
Does 115 divide 47725?
True
Is 36 a factor of 7100?
False
Is 356 a factor of 30180968?
True
Is 23 a factor of 21656?
False
Is 22938 a multiple of 3?
True
Is 27 a factor of 10671750?
True
Is 3265 a factor of 22010389?
False
Is 113 a factor of 134018?
True
Is 25887 a multiple of 9?
False
Is 409 a factor of 19198460?
True
Does 1448 divide 12551264?
True
Does 64 divide 7791889?
False
Is 49 a factor of 1819284?
False
Does 21 divide 1394190?
True
Does 56 divide 1172258?
False
Does 126 divide 5384690?
False
Is 8 a factor of 159336?
True
Does 282 divide 1065833?
False
Does 577 divide 216375?
True
Is 3383534 a multiple of 1397?
True
Does 18 divide 2040017?
False
Is 15 a factor of 1117293?
False
Does 90 divide 214332?
False
Is 447 a factor of 2208727?
False
Is 69092 a multiple of 3?
False
Is 249 a factor of 205923?
True
Does 14 divide 2723336?
True
Is 4 a factor of 9032?
True
Is 6813742 a multiple of 338?
True
Is 40 a factor of 651240?
True
Does 62 divide 1508550?
False
Is 165 a factor of 3240930?
True
Is 9617753 a multiple of 809?
False
Is 128642 a multiple of 58?
False
Does 6 divide 1664751?
False
Is 676941 a multiple of 47?
True
Is 60803 a multiple of 136?
False
Does 57 divide 1457394?
False
Is 51 a factor of 737221?
False
Is 4940 a multiple of 5?
True
Is 483674 a multiple of 12?
False
Is 4 a factor of 28216?
True
Does 10 divide 582710?
True
Is 1149608 a multiple of 8?
True
Does 567 divide 1035075?
False
Is 11 a factor of 464581?
False
Is 138748 a multiple of 10?
False
Is 1586576 a multiple of 1292?
True
Does 90 divide 140310?
True
Is 99170 a multiple of 4?
False
Is 170 a factor of 203199?
False
Is 61 a factor of 776103?
True
Is 158 a factor of 716030?
False
Is 120 a factor of 459720?
True
Does 658 divide 2219988?
False
Is 1156351 a multiple of 46?
False
Does 527 divide 654534?
True
Does 16 divide 2935424?
True
Does 133 divide 37240?
True
Does 14 divide 117600?
True
Is 472 a factor of 482865?
False
Does 39 divide 1167582?
True
Does 55 divide 66770?
True
Is 30 a factor of 23808752?
False
Does 30 divide 6156900?
True
Is 139 a factor of 8971?
False
Is 103 a factor of 3955996?
False
Does 60 divide 882568?
False
Does 11 divide 743996?
True
Does 82 divide 6613449?
False
Is 49649 a multiple of 6?
False
Is 546 a factor of 971334?
True
Does 16 divide 179463?
False
Is 23 a factor of 232658?
False
Is 18 a factor of 6017922?
True
Is 4224367 a multiple of 3?
False
Does 54 divide 4597230?
False
Does 260 divide 1783128?
False
Is 597 a factor of 92535?
True
Is 352 a factor of 71456?
True
Does 31 divide 209216?
False
Is 1568 a multiple of 7?
True
Is 450585 a multiple of 85?
True
Does 56 divide 14601664?
True
Is 7 a factor of 7197516?
False
Is 276723 a multiple of 22?
False
Is 31 a factor of 4701447?
False
Is 12 a factor of 395568?
True
Does 11 divide 3623224?
True
Does 341 divide 20315757?
True
Is 1927740 a multiple of 32?
False
I